e ten thousands digit of 1156012?
5
What is the thousands digit of 642347?
2
What is the tens digit of 141969?
6
What is the thousands digit of 5026421?
6
What is the hundred thousands digit of 26121273?
1
What is the hundred thousands digit of 17637788?
6
What is the hundred thousands digit of 472001?
4
What is the hundred thousands digit of 329270?
3
What is the units digit of 104563?
3
What is the units digit of 7678469?
9
What is the ten millions digit of 24759441?
2
What is the hundreds digit of 5815760?
7
What is the units digit of 375335?
5
What is the thousands digit of 151361?
1
What is the hundred thousands digit of 148396?
1
What is the thousands digit of 608461?
8
What is the hundred thousands digit of 37600801?
6
What is the tens digit of 96940?
4
What is the hundred thousands digit of 328514?
3
What is the tens digit of 5822?
2
What is the units digit of 725305?
5
What is the hundreds digit of 3147073?
0
What is the hundreds digit of 612030?
0
What is the ten thousands digit of 75578?
7
What is the tens digit of 4165224?
2
What is the ten millions digit of 38515613?
3
What is the ten thousands digit of 24434?
2
What is the units digit of 4851819?
9
What is the ten thousands digit of 46767?
4
What is the thousands digit of 1284874?
4
What is the thousands digit of 1869194?
9
What is the hundreds digit of 1415867?
8
What is the tens digit of 14519801?
0
What is the hundreds digit of 6553479?
4
What is the units digit of 14107?
7
What is the thousands digit of 170446?
0
What is the ten thousands digit of 8577980?
7
What is the ten thousands digit of 9068099?
6
What is the ten thousands digit of 576340?
7
What is the tens digit of 7979075?
7
What is the hundreds digit of 481870?
8
What is the millions digit of 10630803?
0
What is the hundred thousands digit of 445997?
4
What is the hundred thousands digit of 222325?
2
What is the thousands digit of 7223376?
3
What is the hundreds digit of 2316604?
6
What is the ten thousands digit of 1335681?
3
What is the thousands digit of 5044834?
4
What is the units digit of 3494671?
1
What is the millions digit of 3167354?
3
What is the tens digit of 1717209?
0
What is the hundreds digit of 728001?
0
What is the ten thousands digit of 694040?
9
What is the units digit of 1483498?
8
What is the thousands digit of 12128907?
8
What is the units digit of 996252?
2
What is the thousands digit of 768022?
8
What is the hundred thousands digit of 2382107?
3
What is the tens digit of 20832919?
1
What is the units digit of 4260245?
5
What is the tens digit of 10062747?
4
What is the tens digit of 550500?
0
What is the units digit of 93239?
9
What is the thousands digit of 917744?
7
What is the tens digit of 2007311?
1
What is the millions digit of 10744522?
0
What is the thousands digit of 7619508?
9
What is the ten thousands digit of 675527?
7
What is the hundreds digit of 10017063?
0
What is the tens digit of 239903?
0
What is the thousands digit of 788215?
8
What is the hundreds digit of 14689949?
9
What is the hundreds digit of 1439013?
0
What is the units digit of 79058?
8
What is the hundreds digit of 9837?
8
What is the units digit of 6168895?
5
What is the hundreds digit of 71053?
0
What is the thousands digit of 48382?
8
What is the units digit of 9657699?
9
What is the thousands digit of 160544?
0
What is the thousands digit of 202489?
2
What is the tens digit of 142879?
7
What is the thousands digit of 2683030?
3
What is the hundred thousands digit of 194316?
1
What is the thousands digit of 1755375?
5
What is the hundred thousands digit of 506091?
5
What is the units digit of 403306?
6
What is the thousands digit of 7663207?
3
What is the hundred thousands digit of 5009034?
0
What is the hundred thousands digit of 1247041?
2
What is the tens digit of 33007?
0
What is the hundred thousands digit of 6070693?
0
What is the thousands digit of 18798097?
8
What is the hundred thousands digit of 390565?
3
What is the hundred thousands digit of 356816?
3
What is the ten millions digit of 13621775?
1
What is the hundreds digit of 570558?
5
What is the ten thousands digit of 2053101?
5
What is the millions digit of 4062938?
4
What is the ten millions digit of 29573412?
2
What is the ten thousands digit of 211597?
1
What is the millions digit of 1912121?
1
What is the units digit of 2397950?
0
What is the tens digit of 8847391?
9
What is the thousands digit of 6006?
6
What is the hundreds digit of 41991?
9
What is the thousands digit of 3031417?
1
What is the thousands digit of 10122093?
2
What is the tens digit of 6734813?
1
What is the hundreds digit of 1294814?
8
What is the ten thousands digit of 207786?
0
What is the tens digit of 2759321?
2
What is the ten thousands digit of 1205379?
0
What is the ten thousands digit of 348966?
4
What is the ten thousands digit of 188836?
8
What is the units digit of 4684438?
8
What is the ten thousands digit of 137953?
3
What is the millions digit of 19445401?
9
What is the thousands digit of 55045?
5
What is the millions digit of 1231693?
1
What is the ten thousands digit of 7763250?
6
What is the hundreds digit of 4334966?
9
What is the millions digit of 26265409?
6
What is the hundreds digit of 836944?
9
What is the tens digit of 355611?
1
What is the hundred thousands digit of 138468?
1
What is the thousands digit of 4395539?
5
What is the ten thousands digit of 491218?
9
What is the units digit of 2539667?
7
What is the millions digit of 2867448?
2
What is the units digit of 251239?
9
What is the hundred thousands digit of 2335434?
3
What is the hundred thousands digit of 12181002?
1
What is the tens digit of 19805139?
3
What is the units digit of 81619?
9
What is the hundreds digit of 139696?
6
What is the hundreds digit of 50517?
5
What is the units digit of 252715?
5
What is the millions digit of 13134269?
3
What is the thousands digit of 4158776?
8
What is the units digit of 1539252?
2
What is the tens digit of 12475204?
0
What is the hundreds digit of 402668?
6
What is the ten thousands digit of 2778919?
7
What is the units digit of 2819962?
2
What is the hundreds digit of 199779?
7
What is the millions digit of 1528107?
1
What is the ten thousands digit of 7288747?
8
What is the units digit of 85018?
8
What is the tens digit of 706344?
4
What is the tens digit of 273922?
2
What is the hundreds digit of 357794?
7
What is the tens digit of 11017771?
7
What is the millions digit of 1914525?
1
What is the units digit of 7301287?
7
What is the tens digit of 6128875?
7
What is the units digit of 2011914?
4
What is the millions digit of 6748388?
6
What is the tens digit of 109489?
8
What is the tens digit of 756840?
4
What is the units digit of 1368543?
3
What is the ten thousands digit of 12569522?
6
What is the hundred thousands digit of 2071300?
0
What is the tens digit of 504518?
1
What is the units digit of 1915248?
8
What is the millions digit of 34490040?
4
What is the hundreds digit of 150633?
6
What is the tens digit of 5405227?
2
What is the hundreds digit of 8239774?
7
What is the thousands digit of 22592451?
2
What is the thousands digit of 4323797?
3
What is the thousands digit of 896706?
6
What is the ten thousands digit of 183869?
8
What is the units digit of 914974?
4
What is the millions digit of 1444887?
1
What is the hundred thousands digit of 245372?
2
What is the thousands digit of 54185?
4
What is the tens digit of 14580082?
8
What is the hundred thousands digit of 1438282?
4
What is the millions digit of 1979964?
1
What is the hundreds digit of 975154?
1
What is the units digit of 2250821?
1
What is the units digit of 752224?
4
What is the thousands digit of 7717604?
7
What is the hundred thousands digit of 899297?
8
What is the hundreds digit of 2629058?
0
What is the hundreds digit of 516717?
7
What is the hundred thousands digit of 17855101?
8
What is the units digit of 3997369?
9
What is the tens digit of 3054098?
9
What is the tens digit of 16453?
5
What is the units digit of 273691?
1
What is the units digit of 4445310?
0
What is the tens digit of 827231?
3
What is the hundreds digit of 1792812?
8
What is the hundred thousands digit of 152606?
1
What is the thousands digit of 137705?
7
What is the hundreds digit of 592076?
0
W